ert -1218 (base 9) to base 4.
-32030
Convert -a70 (base 12) to base 13.
-903
-3b7 (base 16) to base 11
-795
-5b9 (base 16) to base 11
-1112
Convert -aa (base 14) to base 11.
-127
Convert -20 (base 4) to base 2.
-1000
1762 (base 15) to base 16
13b2
What is -1411 (base 7) in base 14?
-2b1
What is 2411 (base 5) in base 13?
215
1071 (base 9) to base 4
30121
Convert 33481 (base 10) to base 5.
2032411
What is -175 (base 14) in base 5?
-2144
Convert -120021 (base 4) to base 11.
-1185
1210 (base 3) to base 14
36
What is 95 (base 10) in base 2?
1011111
-211 (base 7) to base 2
-1101010
What is 18de (base 15) in base 16?
1508
What is 234 (base 15) in base 6?
2151
-200201 (base 3) to base 10
-505
Convert 533 (base 9) to base 10.
435
130033 (base 4) to base 15
807
Convert -1011000010001011 (base 2) to base 5.
-2421240
-2121 (base 3) to base 16
-46
Convert -4440 (base 11) to base 9.
-8022
What is -393a (base 15) in base 14?
-463b
-40150 (base 6) to base 5
-132000
What is 355 (base 6) in base 15?
98
139 (base 13) to base 5
1332
What is -13400 (base 5) in base 6?
-5032
Convert 1444302 (base 5) to base 11.
21496
What is 634 (base 16) in base 6?
11204
583a (base 12) to base 3
111111101
Convert 11110001110 (base 2) to base 5.
30214
-1a2 (base 16) to base 2
-110100010
-101310 (base 4) to base 14
-5b6
What is 11200202 (base 3) in base 15?
1032
-3050 (base 6) to base 8
-1246
Convert 68a9 (base 14) to base 13.
8377
1220010 (base 3) to base 15
620
Convert 204 (base 15) to base 3.
121211
-58a (base 15) to base 10
-1255
15c15 (base 13) to base 6
520320
-51 (base 8) to base 9
-45
Convert 32d (base 15) to base 16.
2ce
What is 14240 (base 6) in base 13?
1047
Convert 21679 (base 10) to base 15.
6654
What is -1011110001010 (base 2) in base 6?
-43522
What is -980 (base 10) in base 3?
-1100022
Convert 100001 (base 2) to base 8.
41
-5411 (base 14) to base 10
-14519
-439 (base 12) to base 4
-21231
-120311 (base 5) to base 6
-32344
What is -211304 (base 5) in base 10?
-7079
What is -21012 (base 3) in base 7?
-365
23440 (base 6) to base 7
12636
What is -d1c (base 16) in base 2?
-110100011100
What is 1169d (base 16) in base 5?
4240300
-308 (base 10) to base 3
-102102
What is -3340 (base 5) in base 4?
-13112
-1022122 (base 3) to base 2
-1111000010
-11220 (base 3) to base 13
-a2
3255 (base 7) to base 9
1536
What is -5250 (base 7) in base 4?
-130320
What is 1208 (base 14) in base 16?
c48
122112 (base 4) to base 13
9c9
What is -6661 (base 7) in base 9?
-3251
-10ab9 (base 12) to base 15
-692c
What is -6757 (base 8) in base 2?
-110111101111
What is 101111212 (base 3) in base 12?
4528
Convert -b9 (base 14) to base 11.
-139
4454 (base 6) to base 4
100102
Convert 202222111 (base 3) to base 13.
6c67
4190 (base 12) to base 7
26613
What is -bd6 (base 16) in base 12?
-1906
-11011110 (base 2) to base 9
-266
2022002 (base 3) to base 5
23201
25a4 (base 11) to base 4
310311
4803 (base 9) to base 4
313233
-8744 (base 10) to base 16
-2228
-302 (base 16) to base 2
-1100000010
Convert 110001100101 (base 2) to base 3.
11100112
Convert -221330 (base 6) to base 2.
-100100000110110
Convert -2301022 (base 4) to base 3.
-120112221
What is 364 (base 12) in base 7?
1324
What is 3373 (base 11) in base 14?
188c
Convert -12382 (base 12) to base 9.
-36818
Convert -10101101010110 (base 2) to base 4.
-2231112
What is 62b7 (base 12) in base 7?
43321
-6204 (base 7) to base 9
-2860
What is -212110 (base 3) in base 15?
-2c3
What is -14645 (base 10) in base 16?
-3935
65 (base 7) to base 2
101111
What is 2232 (base 6) in base 13?
314
What is 110000011011 (base 2) in base 12?
1963
What is -14221 (base 6) in base 13?
-1039
Convert -242 (base 12) to base 15.
-178
112201 (base 3) to base 15
1b7
2231100 (base 4) to base 5
323323
What is -3300231 (base 4) in base 8?
-36055
What is 100101100011111 (base 2) in base 5?
1103411
Convert 894 (base 10) to base 2.
1101111110
12a6 (base 14) to base 13
1656
What is -1101011101011 (base 2) in base 9?
-10406
What is -a82 (base 14) in base 16?
-81a
Convert -487 (base 9) to base 8.
-623
1afd (base 16) to base 13
31b6
What is -1011000 (base 2) in base 14?
-64
Convert -b15 (base 13) to base 6.
-12405
106 (base 9) to base 3
10020
Convert 1103413 (base 5) to base 16.
4b21
Convert 5341 (base 7) to base 10.
1891
What is -13bc (base 14) in base 16?
-daa
What is -1102 (base 3) in base 5?
-123
Convert a46 (base 14) to base 8.
3746
Convert -320 (base 7) to base 12.
-115
What is -1020002 (base 3) in base 11?
-742
-1153 (base 7) to base 13
-271
What is 22333 (base 6) in base 10?
3153
What is -6e07 (base 16) in base 3?
-1102122020
Convert 1772 (base 12) to base 5.
42242
What is -222000011 (base 3) in base 15?
-593d
-1100011010110110 (base 2) to base 13
-1a201
Convert 2655 (base 8) to base 11.
1101
Convert -1202101 (base 3) to base 13.
-775
Convert 3657 (base 9) to base 7.
10642
What is -10440 (base 5) in base 4?
-23221
Convert -10220310 (base 4) to base 14.
-6ccc
What is -1421 (base 6) in base 2?
-101110101
Convert 3eb (base 16) to base 15.
46d
What is 10100101100 (base 2) in base 10?
1324
Convert 11101110000111 (base 2) to base 4.
3232013
-235322 (base 6) to base 16
-50a2
What is -12132101 (base 4) in base 3?
-1100100222
Convert -100001210 (base 3) to base 6.
-50333
Convert 5e2b (base 16) to base 15.
7222
Convert -102214 (base 5) to base 14.
-1374
What is -9241 (base 16) in base 15?
-b161
-7cd (base 14) to base 6
-11105
-2745 (base 15) to base 7
-33314
-518 (base 14) to base 5
-13002
-11267 (base 9) to base 2
-1110101011001
What is -20102210 (base 3) in base 5?
-122232
1491 (base 12) to base 8
4555
Convert -15514 (base 7) to base 12.
-2644
Convert 31372 (base 8) to base 12.
7676
Convert -456 (base 7) to base 14.
-12d
Convert 104255 (base 6) to base 15.
28d2
Convert 1103211 (base 4) to base 11.
4023
What is 2021122 (base 3) in base 15?
75e
What is -1320 (base 7) in base 13?
-2ca
What is -15612 (base 7) in base 15?
-1499
1646 (base 11) to base 8
4073
What is -1524 (base 6) in base 7?
-1126
What is -2ce9 (base 16) in base 11?
-8702
1331 (base 7) to base 2
1000000000
8b0 (base 15) to base 10
1965
Convert 10202 (base 3) to base 8.
145
Convert -86 (base 13) to base 5.
-420
-522333 (base 6) to base 3
-2010122210
Convert 126 (base 16) to base 5.
2134
Convert 5b9e (base 15) to base 9.
28665
Convert 33433 (base 6) to base 15.
15d6
-653 (base 14) to base 9
-1637
Convert -3370 (base 8) to base 9.
-2402
Convert 11010122 (base 3) to base 6.
21542
Convert -202111 (base 3) to base 6.
-2321
535242 (base 6) to base 5
2401241
What is -134311 (base 5) in base 3?
-21122201
What is 366 (base 11) in base 13?
276
What is -24122 (base 6) in base 7?
-13136
1102 (base 4) to base 8
122
3556 (base 11) to base 7
16404
What is 9b5 (base 13) in base 14?
873
311 (base 7) to base 6
415
-470 (base 16) to base 3
-1120002
1e1 (base 16) to base 11
3a8
Convert -267 (base 13) to base 15.
-1d3
Convert 111202102 (base 3) to base 11.
7597
36122 (base 10) to base 8
106432
Convert 101011001 (base 2) to base 10.
345
What is 30526 (base 9) in base 6?
233040
What is -141041 (base 7) in base 10?
-26783
Convert -408 (base 15) to base 9.
-1218
-1946 (base 12) to base 13
-152a
Convert -7022 (base 9) to base 11.
-3938
What is -7 (base 11) in base 8?
-7
303040 (base 6) to base 5
1232000
What is -212220 (base 3) in base 12?
-459
Convert -13400 (base 5) to base 4.
-101030
Convert -13212 (base 4) to base 6.
-2130
Convert 79016 (base 10) to base 4.
103102220
What is b3 (base 16) in base 6?
455
What is -10000110110 (base 2) in base 7?
-3100
Convert -235 (base 6) to base 11.
-87
-26636 (base 7) to base 3
-100211222
What is 20102110 (base 3) in base 9?
6373
-122100 (base 3) to base 12
-330
What is -20c (base 13) in base 4?
-11132
Convert -1661 (base 7) to base 6.
-3052
-20202111 (base 3) to base 8
-11477
What is 68d (base 14) in base 9?
1705
110011 (base 2) to base 10
51
What is -33023 (base 4) in base 6?
-4255
Convert 2a4 (base 12) to base 16.
19c
Convert 11b26 (base 12) to base 9.
36023
What is -309a0 (base 12) in base 11?
-43890
Convert -28425 (base 9) to base 4.
-10231211
What is 87 (base 15) in base 5?
1002
What is 208 (base 11) in base 5?
2000
Convert -13231 (base 4) to base 14.
-273
What is 12233 (base 5) in base 11?
788
Convert 14030 (base 5) to bas